e 4*j - 10 = 3*j. Suppose j = b - 0*a - 3*a, 110 = 5*b - 3*a. Calculate the remainder when b is divided by f.
7
Let u be (-8)/(-52) - 126/(-26). Suppose 0 = -2*y - 8, 0 = 2*r - 5*r - u*y + 91. Suppose k = -0 + r. Calculate the remainder when k is divided by 13.
11
Let h = 50 + -23. Calculate the remainder when 107 is divided by h.
26
Suppose x - 36 = 3*c, 2*x - c + 2*c - 44 = 0. Let w be 6/(-3) - (2 + -21). Suppose -3*h + 22 = -w. Calculate the remainder when x is divided by h.
11
Suppose -t - 15 = -6*t. Let k(l) = l - 1. Let x be k(1). Suppose 5*j - 41 = -5*z + 4*z, x = 3*j - 4*z - 43. What is the remainder when j is divided by t?
0
Let d = -157 - -337. Calculate the remainder when d is divided by 26.
24
Let d(q) = -2 + q + 2 + 2 + 2. Calculate the remainder when 32 is divided by d(7).
10
What is the remainder when 17 is divided by (-2 + 3)*(-3)/((-3)/7)?
3
Let v(c) be the first derivative of c**3/3 + c**2/2 - c + 2. Let i be v(-3). What is the remainder when 22 is divided by i - (2 + -1)*-3?
6
Let n = 3 - -1. Let l(z) = 2*z - 6. Let g be l(n). Suppose -1 - g = -a. What is the remainder when 7 is divided by a?
1
Suppose -5*n + 47 = 12. Calculate the remainder when 21 is divided by (-32)/(-3) - n/(-21).
10
What is the remainder when ((-253)/(-33))/((-2)/(-12)) is divided by 12?
10
Suppose 2*r + 0 = 6. Let u = -10 - -15. What is the remainder when u is divided by (-72)/(-30) - r/(-5)?
2
Let o = 75 + -40. Let l(d) = -4*d - 12. What is the remainder when o is divided by l(-6)?
11
Let y = -8 - -13. Suppose r - 22 = -4*r + 3*i, 2*i = -4*r. Suppose -d - 13 = -r*d. What is the remainder when d is divided by y?
3
Let s = 8 - 19. Let a(t) = 5*t**2 + 2*t + 1. What is the remainder when a(2) is divided by 6 + -5 - (-1 + s)?
12
Let g(m) = m**3 + 10*m**2 + 9*m + 2. Let r be g(-9). Suppose 0 = r*u + 15 - 41. What is the remainder when u is divided by 5?
3
Let u(r) = 39*r**2 - 4*r. Let q(g) = 545*g**2 - 55*g. Let w(n) = 4*q(n) - 55*u(n). Let p(j) = 4*j - 6. What is the remainder when w(-1) is divided by p(6)?
17
Let g(s) = 22*s**2 - 2*s - 1. Suppose -2*q = -7*q - 30. Let l(x) = x**2 + 4*x - 4. What is the remainder when g(-1) is divided by l(q)?
7
Suppose 0 = 3*q + n - 219, -3*n - n = -12. Calculate the remainder when q is divided by 39.
33
Suppose 0 = d - 5*i + 9, 2*d + 2*i - 7 - 23 = 0. What is the remainder when d is divided by 6?
5
Suppose 4*h - 1 = -9. Let g = h - -6. What is the remainder when g is divided by 2?
0
Suppose -5*t = -4*u - 37, 3*t = 3*u + 8 + 13. What is the remainder when 31 is divided by t?
4
Let y(p) = -p**2 + 3*p - 4. Let c be y(5). What is the remainder when c/(-63) - (-43)/9 is divided by 4?
1
Let l = 142 + -117. What is the remainder when 121 is divided by l?
21
What is the remainder when (5/5 - 159)*-1 is divided by 32?
30
Suppose -2*a - 2 + 24 = 0. Calculate the remainder when 18 is divided by a.
7
Let b be 3/(1/(-4)*-3). Suppose b*w + 2*u = 50, 4*w - 4*u - 55 = 25. What is the remainder when 59 is divided by w?
14
Suppose 5*i - 44 = 3*i. Let w(m) = -m**2 + 6*m + 1. Calculate the remainder when i is divided by w(5).
4
Suppose z = 5*d + 21, -4*d + 0*z = 2*z + 14. Let r = 165 - 681. Calculate the remainder when ((-2)/(-6))/(d/r) is divided by 15.
13
Let i(q) = -10*q - 7. Calculate the remainder when i(-3) is divided by 9.
5
Let c be 10/4 + 27/18. Suppose -c*j - 13 + 248 = 5*r, 0 = r - 3*j - 66. Calculate the remainder when r is divided by 13.
12
Let u = 9 - 5. Suppose b - g = -3*b + 55, 4*b = -g + 57. What is the remainder when b is divided by u?
2
Suppose q = 5*q - 52. What is the remainder when 37 is divided by q?
11
Suppose -2*f - 20 = -4*f. Suppose -s - 3*y - f = 0, 5*s + 190 = y + 60. Calculate the remainder when s/(-1) + (-4)/2 is divided by 12.
11
Let u(l) = l**3 + 8*l**2 - 10*l + 8. What is the remainder when 33 is divided by u(-9)?
16
Let r(a) = -a**2 + 7*a - 6. Let y be r(5). Let p(d) = 2*d - 4. Let s be p(y). Let l = 23 - s. Calculate the remainder when 55 is divided by l.
17
Let h = -7 + 11. Let a(f) = f**2 - 3*f - 3. Suppose -4*n + 2 = -3*n. Calculate the remainder when n is divided by a(h).
0
Suppose 0 = 5*m + 4*s - 19 + 5, 5*m - 3*s - 7 = 0. Let u(z) = 6*z**2 - z. What is the remainder when u(1) is divided by m?
1
Let v(u) = -u + 9. Suppose 156 + 390 = 7*z. What is the remainder when z is divided by v(-7)?
14
Suppose -z - 5*x = -21, 2*z = 5*z - 4*x - 44. Calculate the remainder when 59 is divided by z.
11
Let u = -105 - -211. Calculate the remainder when u is divided by 18.
16
Let q be (-2)/4 - 34/(-4). Suppose 10 + q = 3*u. Let b = 6 + 4. What is the remainder when b is divided by u?
4
Suppose 5*g = 89 + 166. Calculate the remainder when g is divided by 19.
13
Let d(n) = -n + 2. Let u be (-6)/(-3) - -8 - 1. Let y(p) = -p**3 + 10*p**2 - 8*p + 11. What is the remainder when y(u) is divided by d(-5)?
6
Let c(d) = 10*d**2 + 2*d. Let t(g) = 2*g. Let l be t(1). Let h = -19 - -34. What is the remainder when c(l) is divided by h?
14
Suppose 2*k - 5 - 5 = 0. Suppose 0 = -k*h + 26 + 169. What is the remainder when h is divided by 10?
9
Suppose f - 50 = w, w - 220 = 2*f - 7*f. Calculate the remainder when (-2)/(-9) + 575/f is divided by (-2)/3*(-63)/6.
6
Let y be (4/5)/(8/100). Let c(f) = 8*f - 3. Let w be c(y). Suppose w + 52 = 3*j. What is the remainder when j is divided by 15?
13
Let o(m) = 19*m**2 + m + 3. Calculate the remainder when 61 is divided by o(-1).
19
What is the remainder when 91 is divided by (-59)/(-2) - (-93)/(-62)?
7
Let w = -1 + 5. Suppose 5*x = 3*f + 54, 0 = 3*x - w*x + 5*f + 2. What is the remainder when 21 is divided by x?
9
Let s = -2 + 2. Suppose -p - 4*p + 10 = s. Calculate the remainder when 26 is divided by -1*(-14 + (2 - p)).
12
What is the remainder when (-2 - -1)*(-1 + -46) is divided by (-1 - (2 - 4)) + 15?
15
Suppose d + 36 = -3*z - d, -5*z - 5*d - 60 = 0. Let j(o) = -o - 11. Calculate the remainder when 3 is divided by j(z).
0
Let d(x) = 11*x - 4. What is the remainder when d(4) is divided by 14?
12
Suppose 21*m = 19*m + 78. What is the remainder when m is divided by 14?
11
Calculate the remainder when -1 - -3 - (0 + 1)*-11 is divided by (-4)/(-2) + (-2 - -3).
1
Let s(y) = 7*y - 3. Let w be s(2). Let r(p) = 0*p**2 + 13 + p**2 - 3 + p - 7*p. What is the remainder when r(w) is divided by 22?
21
Let g(a) = 3*a - 20. Suppose 5*p - 3*p = 22. Let j = p + -7. What is the remainder when g(10) is divided by j?
2
What is the remainder when 22 is divided by -4 + 5 + 0 + 8?
4
Let q = -2 + 7. Let f = 15 + -10. Let h(g) = 3*g - 2. What is the remainder when h(f) is divided by q?
3
Let c(t) = t**2 + t - 2. Let s be c(3). What is the remainder when (s/(-15))/(2/(-156)) is divided by 18?
16
Suppose 28 = -3*f + 7*f. Let i(u) = u - 4 + 0*u + u. What is the remainder when 29 is divided by i(f)?
9
Let y = 53 - 29. What is the remainder when 69 is divided by y?
21
Suppose 3*y + 5 = -2*y, 5 = -5*j - 5*y. Suppose j = t - 13 - 7. Calculate the remainder when t is divided by 7.
6
Let d = 17 + -9. Calculate the remainder when 13 is divided by d.
5
Suppose o + o = 6. Let x = o + -2. Let j = -2 + 3. Calculate the remainder when j is divided by x.
0
What is the remainder when 168 is divided by (-3 - 1)/(2/(-17))?
32
Calculate the remainder when 35 is divided by (-6)/(1 + (-4)/3).
17
Let v = -27 - 8. Suppose -5*n - 4*a = 121, -87 = 3*n + 5*a - 4. Let z = n - v. Calculate the remainder when 27 is divided by z.
13
Suppose -4*j + 41 = -3*t + 4*t, -18 = -2*j + 2*t. Let m = j + -6. Suppose -x + 60 = 3*x. What is the remainder when x is divided by m?
3
Let i(v) be the second derivative of -7*v**5/5 - v**4/12 + v**3/6 + v**2/2 + v. What is the remainder when i(-1) is divided by 72/5 + (-2)/5?
13
Let a = 22 + 0. What is the remainder when a is divided by 9?
4
Let f = -49 + 70. Calculate the remainder when 38 is divided by f.
17
Suppose -3*q = x - 9 + 2, 2*x + 4*q = 10. Calculate the remainder when 6 is divided by x.
0
Let v = 11 + -9. Suppose x + 4 = 3*x. What is the remainder when v is divided by x?
0
Let w(z) = 5*z - 9. What is the remainder when w(5) is divided by 9?
7
Suppose -2 = -d + 3. Suppose -6*b + 6 = d*u - 5*b, 2*u = 3*b + 16. Calculate the remainder when (-66)/(-14) + 4/14 is divided by u.
1
Let h(f) = f**3 + 8*f**2